the remainder when 1099199 is divided by 400?
399
Calculate the remainder when 255071 is divided by 475.
471
What is the remainder when 685185 is divided by 218?
11
What is the remainder when 20510 is divided by 39?
35
Calculate the remainder when 177075 is divided by 527.
3
Calculate the remainder when 1222 is divided by 109.
23
What is the remainder when 1075 is divided by 316?
127
Calculate the remainder when 112903 is divided by 22.
21
Calculate the remainder when 1040361 is divided by 57.
54
Calculate the remainder when 12325 is divided by 8.
5
Calculate the remainder when 24166 is divided by 5.
1
What is the remainder when 102397 is divided by 91?
22
What is the remainder when 1676 is divided by 13?
12
Calculate the remainder when 5214 is divided by 4959.
255
Calculate the remainder when 49786 is divided by 49694.
92
What is the remainder when 19925 is divided by 19924?
1
What is the remainder when 7986 is divided by 480?
306
Calculate the remainder when 1172 is divided by 1141.
31
Calculate the remainder when 108353 is divided by 36114.
11
Calculate the remainder when 3209166 is divided by 87.
84
Calculate the remainder when 18100 is divided by 23.
22
Calculate the remainder when 67260 is divided by 91.
11
Calculate the remainder when 32258 is divided by 32258.
0
Calculate the remainder when 781830 is divided by 862.
858
Calculate the remainder when 80075 is divided by 112.
107
What is the remainder when 562249 is divided by 320?
9
What is the remainder when 61533 is divided by 8?
5
Calculate the remainder when 1103 is divided by 803.
300
What is the remainder when 159843 is divided by 178?
177
Calculate the remainder when 775 is divided by 47.
23
Calculate the remainder when 13207 is divided by 57.
40
What is the remainder when 1500 is divided by 103?
58
Calculate the remainder when 2071 is divided by 38.
19
What is the remainder when 10423 is divided by 232?
215
What is the remainder when 44777 is divided by 582?
545
What is the remainder when 45585 is divided by 997?
720
Calculate the remainder when 9884 is divided by 206.
202
Calculate the remainder when 12191 is divided by 640.
31
What is the remainder when 2138 is divided by 701?
35
What is the remainder when 10204 is divided by 4712?
780
Calculate the remainder when 141546 is divided by 189.
174
Calculate the remainder when 75666 is divided by 37.
1
What is the remainder when 12516 is divided by 644?
280
What is the remainder when 23425 is divided by 130?
25
What is the remainder when 4848 is divided by 1570?
138
Calculate the remainder when 14208 is divided by 789.
6
Calculate the remainder when 3131067 is divided by 812.
807
What is the remainder when 10468 is divided by 238?
234
What is the remainder when 675 is divided by 517?
158
What is the remainder when 50708 is divided by 8447?
26
What is the remainder when 3561797 is divided by 100?
97
Calculate the remainder when 2103 is divided by 21.
3
What is the remainder when 5012 is divided by 399?
224
What is the remainder when 21760 is divided by 311?
301
What is the remainder when 10349 is divided by 57?
32
Calculate the remainder when 106215 is divided by 508.
43
Calculate the remainder when 34998 is divided by 35.
33
Calculate the remainder when 774499 is divided by 410.
9
Calculate the remainder when 460345 is divided by 156.
145
Calculate the remainder when 66683 is divided by 436.
411
What is the remainder when 2546 is divided by 336?
194
What is the remainder when 7819 is divided by 263?
192
What is the remainder when 11850 is divided by 5917?
16
Calculate the remainder when 1427 is divided by 138.
47
What is the remainder when 110533 is divided by 4?
1
What is the remainder when 225664 is divided by 1578?
10
What is the remainder when 19231 is divided by 470?
431
Calculate the remainder when 9599 is divided by 1227.
1010
What is the remainder when 24145 is divided by 8043?
16
Calculate the remainder when 1684 is divided by 108.
64
Calculate the remainder when 483044 is divided by 28.
16
Calculate the remainder when 71710 is divided by 18.
16
Calculate the remainder when 2330 is divided by 2051.
279
Calculate the remainder when 53263 is divided by 159.
157
What is the remainder when 5724 is divided by 90?
54
Calculate the remainder when 69859 is divided by 7.
6
What is the remainder when 11354 is divided by 284?
278
What is the remainder when 1479 is divided by 191?
142
What is the remainder when 11002 is divided by 759?
376
What is the remainder when 8453077 is divided by 170?
167
Calculate the remainder when 175293 is divided by 264.
261
What is the remainder when 188286 is divided by 31360?
126
Calculate the remainder when 140574 is divided by 170.
154
What is the remainder when 21515 is divided by 299?
286
What is the remainder when 3334 is divided by 1061?
151
What is the remainder when 38500 is divided by 7680?
100
What is the remainder when 758 is divided by 251?
5
Calculate the remainder when 314812 is divided by 157402.
8
Calculate the remainder when 24865 is divided by 24824.
41
What is the remainder when 99779 is divided by 3216?
83
Calculate the remainder when 2632 is divided by 15.
7
What is the remainder when 5648 is divided by 113?
111
Calculate the remainder when 19212 is divided by 97.
6
What is the remainder when 148100 is divided by 19?
14
What is the remainder when 1556 is divided by 49?
37
What is the remainder when 156345 is divided by 511?
490
Calculate the remainder when 1298 is divided by 1222.
76
What is the remainder when 1621140 is divided by 213?
210
Calculate the remainder when 6074 is divided by 33.
2
What is the remainder when 6216 is divided by 41?
25
What is the remainder when 69659 is divided by 141?
5
Calculate the remainder when 537 is divided by 262.
13
Calculate the remainder when 156493 is divided by 815.
13
What is the remainder when 97121 is divided by 259?
255
What is the remainder when 13460 is divided by 429?
161
What is the remainder when 3838 is divided by 100?
38
What is the remainder when 1751 is divided by 288?
23
Calculate the remainder when 759 is divided by 346.
67
What is the remainder when 550680 is divided by 275340?
0
Calculate the remainder when 48693 is divided by 726.
51
What is the remainder when 4986 is divided by 181?
99
What is the remainder when 41295 is divided by 1392?
927
Calculate the remainder when 500189 is divided by 355.
349
What is the remainder when 3635 is divided by 125?
10
What is the remainder when 1042 is divided by 101?
32
What is the remainder when 11144 is divided by 937?
837
What is the remainder when 1082 is divided by 976?
106
Calculate the remainder when 69863 is divided by 1183.
66
What is the remainder when 10583 is divided by 309?
77
What is the remainder when 2577123 is divided by 22?
21
What is the remainder when 44839 is divided by 74?
69
What is the remainder when 53745 is divided by 11?
10
What is the remainder when 63239 is divided by 34?
33
Calculate the remainder when 1379979 is divided by 7.
6
What is the remainder when 6378 is divided by 2100?
78
What is the remainder when 767 is divided by 149?
22
What is the remainder when 60598 is divided by 314?
310
What is the remainder when 431979 is divided by 122?
99
What is the remainder when 349539 is divided by 87377?
31
Calculate the remainder when 5674 is divided by 202.
18
What is the remainder when 972154 is divided by 1984?
1978
Calculate the remainder when 421824 is divided by 1137.
1134
Calculate the remainder when 563612 is divided by 288.
284
Calculate the remainder when 7373 is divided by 91.
2
What is the remainder when 3988 is divided by 968?
116
Calculate the remainder when 38716 is divided by 16.
12
What is the remainder when 400871 is divided by 324?
83
What is the remainder when 232397 is divided by 21?
11
What is the remainder when 10188 is divided by 2035?
13
What is the remainder when 1797 is divided by 454?
435
Calculate the remainder when 9928 is divided by 333.
271
Calculate the remainder when 22070 is divided by 659.
323
Calculate the remainder when 7072 is divided by 186.
4
What is the remainder when 17288 is divided by 184?
176
Calculate the remainder when 47106 is divided by 103.
35
What is the remainder when 631 is divided by 573?
58
What is the r